{"id":1939,"date":"2021-03-01T14:23:00","date_gmt":"2021-03-01T17:23:00","guid":{"rendered":"https:\/\/isfdyt70-bue.infd.edu.ar\/sitio\/?page_id=1939"},"modified":"2024-05-20T19:31:46","modified_gmt":"2024-05-20T22:31:46","slug":"inscripcion-para-certificacion-superior-en-cuidados-criticos-en-enfermeria","status":"publish","type":"page","link":"https:\/\/isfdyt70-bue.infd.edu.ar\/sitio\/inscripcion-para-certificacion-superior-en-cuidados-criticos-en-enfermeria\/","title":{"rendered":"Inscripci\u00f3n para Certificaci\u00f3n Superior en Cuidados Cr\u00edticos en Enfermer\u00eda"},"content":{"rendered":"<p><span style=\"font-size: 14pt; font-family: verdana, geneva;\">PROCEDIMIENTO PARA REALIZAR LA INSCRIPCI\u00d3N <\/span><\/p>\n<p><span style=\"font-size: 14pt; font-family: verdana, geneva;\">Entregar hasta el d\u00eda 14\/06 en la sede de la Instituci\u00f3n Larrea 276, de lunes a viernes de 8hs a 11hs y de 14hs a 20hs<\/span><\/p>\n<p><span style=\"font-size: 14pt; font-family: verdana, geneva;\">-Imprimir y Completar la <a href=\"https:\/\/isfdyt70-bue.infd.edu.ar\/sitio\/wp-content\/uploads\/2022\/11\/Planilla-de-Inscripcion.doc\">PLANILLA DE INSCRIPCI\u00d3N.<\/a><\/span><\/p>\n<p><span style=\"font-size: 14pt; font-family: verdana, geneva;\">-Certificado m\u00e9dico de aptitud psicof\u00edsica.&nbsp;<\/span><\/p>\n<p><span style=\"font-size: 14pt; font-family: verdana, geneva;\">\u2013<a href=\"https:\/\/isfdyt70-bue.infd.edu.ar\/sitio\/wp-content\/uploads\/2022\/11\/Ficha-Medica-a-completar-por-Esrudiantes.doc\">Ficha M\u00e9dica&nbsp;<\/a>(a completar por aspirante)<\/span><\/p>\n<p><span style=\"font-size: 14pt; font-family: verdana, geneva;\">-Fotocopia de D.N.I.&nbsp;<\/span><\/p>\n<p><span style=\"font-size: 14pt; font-family: verdana, geneva;\">-2 fotos carnet.<\/span><\/p>\n<p><span style=\"font-size: 14pt; font-family: verdana, geneva;\">-Fotocopia de T\u00edtulo de Nivel Secundario. El T\u00edtulo debe estar registrado en Consejo Escolar y Ministerio del Interior.<\/span><\/p>\n<p><span style=\"font-size: 14pt; font-family: verdana, geneva;\">-Fotocopia de T\u00edtulo de Enfermero. El T\u00edtulo debe estar registrado en Consejo Escolar y Ministerio del Interior.<\/span><\/p>\n<h5><strong>-La documentaci\u00f3n debe presentarse en un folio, COMPLETA, para cumplimentar la inscripci\u00f3n. <\/strong><\/h5>\n<p><span style=\"font-size: 14pt; font-family: verdana, geneva;\">El Personal revisar\u00e1 y verificar\u00e1 dicha carpeta para dar por concluido el proceso de inscripci\u00f3n.<\/span><\/p>\n\n\n<p><a href=\"https:\/\/isfdyt70-bue.infd.edu.ar\/sitio\/wp-content\/uploads\/2022\/10\/1847-13_fpcs_cuidados_criticos-escaneada.pdf\" data-type=\"URL\" data-id=\"https:\/\/isfdyt70-bue.infd.edu.ar\/sitio\/wp-content\/uploads\/2022\/10\/1847-13_fpcs_cuidados_criticos-escaneada.pdf\">Plan de Estudios<\/a><\/p>\n\n\n\n<p>&#8211;<a href=\"https:\/\/isfdyt70-bue.infd.edu.ar\/sitio\/wp-content\/uploads\/2022\/10\/REGIMEN-ACADEMICO-Numerado.doc\">R\u00e9gimen Acad\u00e9mico<\/a><\/p>\n","protected":false},"excerpt":{"rendered":"<p>PROCEDIMIENTO PARA REALIZAR LA INSCRIPCI\u00d3N Entregar hasta el d\u00eda 14\/06 en la sede de la Instituci\u00f3n Larrea 276, de lunes a viernes de 8hs a 11hs y de 14hs a 20hs -Imprimir y Completar la PLANILLA DE INSCRIPCI\u00d3N. -Certificado m\u00e9dico de aptitud psicof\u00edsica.&nbsp; \u2013Ficha M\u00e9dica&nbsp;(a completar por aspirante) -Fotocopia de D.N.I.&nbsp; -2 fotos carnet. -Fotocopia &#8230; <a title=\"Inscripci\u00f3n para Certificaci\u00f3n Superior en Cuidados Cr\u00edticos en Enfermer\u00eda\" class=\"read-more\" href=\"https:\/\/isfdyt70-bue.infd.edu.ar\/sitio\/inscripcion-para-certificacion-superior-en-cuidados-criticos-en-enfermeria\/\" aria-label=\"More on Inscripci\u00f3n para Certificaci\u00f3n Superior en Cuidados Cr\u00edticos en Enfermer\u00eda\">[+]<\/a><\/p>\n","protected":false},"author":444,"featured_media":0,"parent":0,"menu_order":0,"comment_status":"open","ping_status":"closed","template":"","meta":[],"acf":[],"_links":{"self":[{"href":"https:\/\/isfdyt70-bue.infd.edu.ar\/sitio\/wp-json\/wp\/v2\/pages\/1939"}],"collection":[{"href":"https:\/\/isfdyt70-bue.infd.edu.ar\/sitio\/wp-json\/wp\/v2\/pages"}],"about":[{"href":"https:\/\/isfdyt70-bue.infd.edu.ar\/sitio\/wp-json\/wp\/v2\/types\/page"}],"author":[{"embeddable":true,"href":"https:\/\/isfdyt70-bue.infd.edu.ar\/sitio\/wp-json\/wp\/v2\/users\/444"}],"replies":[{"embeddable":true,"href":"https:\/\/isfdyt70-bue.infd.edu.ar\/sitio\/wp-json\/wp\/v2\/comments?post=1939"}],"version-history":[{"count":16,"href":"https:\/\/isfdyt70-bue.infd.edu.ar\/sitio\/wp-json\/wp\/v2\/pages\/1939\/revisions"}],"predecessor-version":[{"id":2521,"href":"https:\/\/isfdyt70-bue.infd.edu.ar\/sitio\/wp-json\/wp\/v2\/pages\/1939\/revisions\/2521"}],"wp:attachment":[{"href":"https:\/\/isfdyt70-bue.infd.edu.ar\/sitio\/wp-json\/wp\/v2\/media?parent=1939"}],"curies":[{"name":"wp","href":"https:\/\/api.w.org\/{rel}","templated":true}]}}